 - 24156500. What is k(6)?
4
Let h(k) = 687*k - 20635. Calculate h(30).
-25
Let n(o) = o**2 + 4041*o - 443838. What is n(107)?
-2
Let o(u) = -432367*u - 2161653. Give o(-5).
182
Let y(j) = -3*j**3 + j**2 + 205*j - 81. What is y(0)?
-81
Let w(u) = -2*u**3 + 533*u**2 + 805*u - 345. Give w(268).
-77
Let r(a) = -110*a**2 + 17606*a - 845. Give r(160).
115
Let f(w) = 2660*w - 2838213. Calculate f(1067).
7
Let g(s) = -4*s**3 + 103*s**2 - 142*s - 690. Determine g(24).
-66
Let d(x) = -73273*x - 19. What is d(0)?
-19
Let h(o) = -8225*o + 48214. What is h(6)?
-1136
Let g(r) = -83*r**3 + 80009*r**2 + 2900*r - 7707. What is g(964)?
5
Let k(u) = u**3 + 4*u**2 - 128*u - 720. What is k(-9)?
27
Let k(d) = d**3 + 106*d**2 - 9291*d + 8. Give k(57).
8
Let s(d) = -d - 1618. What is s(-93)?
-1525
Let w(g) = 553763*g + 5. Calculate w(0).
5
Let z(v) = -v**3 - 6*v**2 - 533*v - 4959. Calculate z(-9).
81
Let f(a) = 409*a**2 + 1733*a + 419. What is f(-4)?
31
Let i(n) = 220*n + 14292. Give i(-64).
212
Let w(o) = 141*o - 15447. Give w(101).
-1206
Let m(n) = n**3 - 27*n**2 - 1311*n + 550. Calculate m(52).
-22
Let f(n) = n**3 + 20*n**2 + 52*n - 354. Calculate f(-9).
69
Let u(m) = m**3 - 7*m**2 + 165*m - 973. Give u(6).
-19
Let y(k) = -k**3 - 118*k**2 - 332*k + 1499. Calculate y(-115).
4
Let a(i) = -51365*i - 1027292. Determine a(-20).
8
Let f(z) = -z**3 + 210*z**2 + 148*z + 13287. Calculate f(211).
-6
Let p(b) = b**2 - 510*b - 17319. Give p(-32).
25
Let l(j) = 212330*j + 849323. Give l(-4).
3
Let u(o) = -18113*o + 36223. Determine u(2).
-3
Let o(g) = 1823*g + 89229. Determine o(-49).
-98
Let o(x) = 3*x**3 + 13*x**2 + 35*x + 29. Calculate o(-6).
-361
Let a(s) = -24*s**2 + 1014*s + 12536. Give a(-10).
-4
Let z(i) = -5530*i + 1437808. Calculate z(260).
8
Let l(p) = p**2 + 1363*p - 12260. Give l(9).
88
Let v(a) = -a**3 + 27*a**2 + 32*a - 134. What is v(25)?
1916
Let w(b) = -86*b**2 - 2847*b - 305. Determine w(-33).
-8
Let h(t) = t**2 - 1643*t - 196691. Calculate h(-112).
-131
Let b(w) = 23684*w + 23703. Determine b(-1).
19
Let v(y) = -2758*y - 83428. Give v(-30).
-688
Let m(j) = j**2 + 1249*j + 368601. Give m(-478).
63
Let m(v) = -699*v - 9299. Determine m(-14).
487
Let b(i) = 106451*i + 2129015. Calculate b(-20).
-5
Let f(c) = -2*c**3 - c**2 + 48*c + 12. Calculate f(-6).
120
Let w(t) = t**3 + 4*t**2 - 11*t - 82. Calculate w(-4).
-38
Let z(d) = -d**3 - 464*d**2 - 2239*d - 822295. Determine z(-463).
-7
Let z(f) = 4*f**2 - 918*f - 471. Determine z(230).
-11
Let t(x) = x**3 + 21*x**2 - 77*x - 1189. Calculate t(-22).
21
Let z(v) = -1185*v + 687. Calculate z(1).
-498
Let m(b) = 2*b**2 + 671*b + 50287. Calculate m(-113).
2
Let t(g) = 132*g + 2641. Give t(-33).
-1715
Let c(y) = -y**3 + 182*y**2 + 2102*y - 76. What is c(-11)?
155
Let m(q) = 5114*q + 5120. What is m(-1)?
6
Let l(o) = 2609*o + 15873. Give l(-6).
219
Let s(x) = -2079*x + 4546781. Calculate s(2187).
8
Let k(t) = -14*t**3 + 2*t**2 - 480*t - 13. Give k(0).
-13
Let j(n) = 9786*n - 254303. What is j(26)?
133
Let i(a) = -a**3 - 25*a**2 + 4528*a + 134564. Give i(-31).
-38
Let j(s) = -158*s + 1140. Calculate j(7).
34
Let z(n) = 5*n**3 - 2*n**2 + 472*n - 932. Determine z(2).
44
Let u(k) = k**3 - 121*k**2 - 1744*k - 36. Give u(-13).
-10
Let k(h) = -2*h**2 + 1308*h - 40856. Determine k(33).
130
Let i(k) = -k**3 + 5*k**2 - 59*k + 232. What is i(10)?
-858
Let h(m) = -657*m - 68401. Give h(-105).
584
Let t(g) = g**3 + 252*g**2 - 467*g + 10408. Give t(-254).
-6
Let r(t) = t**3 + 12*t**2 + 240*t + 5831. Give r(-17).
306
Let t(b) = -45500*b - 455041. Calculate t(-10).
-41
Let s(g) = -1575*g + 25043. Calculate s(17).
-1732
Let a(j) = 164132*j + 5088096. What is a(-31)?
4
Let y(o) = -629544*o + 7554535. Give y(12).
7
Let m(o) = 2*o**3 + 96*o**2 + 85*o + 4067. Give m(-48).
-13
Let r(k) = 298032*k + 1788187. What is r(-6)?
-5
Let j(u) = -176985*u - 2654770. What is j(-15)?
5
Let w(s) = -7*s**2 - 1354*s + 462810. What is w(178)?
10
Let t(p) = -p**3 - 87*p**2 + 4603*p + 50. Calculate t(37).
605
Let m(l) = 10*l**2 - 2219*l + 4609. Determine m(220).
429
Let o(k) = k**2 + 50462*k + 1008844. Calculate o(-20).
4
Let s(j) = j**2 + 162*j - 12455. Give s(-219).
28
Let o(n) = 9*n**3 - 2808*n**2 - 332*n + 103563. Determine o(312).
-21
Let m(k) = -318350*k - 4775256. Determine m(-15).
-6
Let z(c) = -498*c + 198869. Determine z(399).
167
Let l(q) = 1802*q + 5197. Determine l(-3).
-209
Let y(q) = -465*q - 11331. Give y(-20).
-2031
Let q(n) = 5*n**3 - 15*n**2 - 9*n + 88. Calculate q(-3).
-155
Let f(x) = -234*x**3 + 2573*x**2 - 8*x + 213. Calculate f(11).
4
Let w(h) = 3304*h + 400040. What is w(-121)?
256
Let g(f) = -f**3 + 98*f**2 - 574*f + 27468. Calculate g(95).
13
Let c(t) = -t**3 - 112*t**2 - 181*t + 2597. Give c(-110).
-1693
Let o(s) = 1490*s - 35781. Determine o(24).
-21
Let d(c) = 5*c**2 - 825*c - 12578. Calculate d(-14).
-48
Let n(m) = -219*m - 106432. Determine n(-486).
2
Let r(j) = 123*j**2 - 690*j + 573. Determine r(6).
861
Let a(k) = -256*k + 12197. What is a(47)?
165
Let n(h) = -524*h - 443. Give n(-1).
81
Let a(l) = -2*l**3 - 56*l**2 + 2*l - 2643. Calculate a(-30).
897
Let n(h) = 2*h**3 + 308*h**2 + 3400*h - 1099. Calculate n(-142).
37
Let b(o) = 93*o**2 + 1896*o - 7584. Calculate b(4).
1488
Let v(s) = -2175*s + 252169. Calculate v(116).
-131
Let v(a) = a**2 + 1513*a - 69306. Give v(44).
-798
Let s(k) = 5*k**2 - 11289*k - 320007. Determine s(-28).
5
Let j(s) = 2*s**3 - 41*s**2 - 283*s - 121. What is j(-5)?
19
Let o(a) = -8315*a + 59393. What is o(7)?
1188
Let o(z) = -223*z + 3877. Give o(25).
-1698
Let m(w) = 9*w**2 + 686*w + 2005. What is m(-3)?
28
Let u(f) = -3*f**3 + 267*f**2 - 1053*f + 93727. What is u(89)?
10
Let w(k) = -7*k**3 - 45*k**2 - 34*k + 60. Determine w(-4).
-76
Let g(z) = -z**3 + 219*z**2 + 335*z + 23689. Calculate g(221).
42
Let i(r) = 69*r + 7045. Determine i(-47).
3802
Let n(q) = 2468*q - 51819. Give n(21).
9
Let u(f) = -7*f**2 + 202*f - 1710. What is u(9)?
-459
Let a(q) = 3177*q - 1213617. Give a(382).
-3
Let u(r) = 3*r**3 + 75*r**2 + 504*r + 10. Give u(-10).
-530
Let a(p) = -p**3 + 158*p**2 + 1590*p + 15122. Determine a(168).
2
Let b(n) = 6*n**3 + 447*n**2 - 216*n + 710. What is b(-75)?
35
Let j(c) = c**3 - 73*c**2 - 177*c + 5699. Determine j(75).
3674
Let v(q) = q**3 + 326*q**2 + 947*q - 7166. What is v(-323)?
-60
Let s(c) = 39*c**3 + 131*c**2 - 635*c - 95. Give s(-6).
7
Let t(q) = 38213*q + 191020. Give t(-5).
-45
Let d(n) = -61*n**3 + 7*n**2 - 348*n + 346. Calculate d(1).
-56
Let t(k) = 7*k**2 - 184*k - 350. Determine t(28).
-14
Let v(r) = 3331*r - 399708. What is v(120)?
12
Let m(z) = -2*z**3 - 12*z**2 + 1235*z + 8519. Calculate m(-7).
-28
Let i(u) = -u**3 + 151*u**2 - 52*u + 30998. Calculate i(152).
-10
Let v(b) = -110208*b - 991861. Determine v(-9).
11
Let b(u) = -9*u - 327. What is b(-87)?
456
Let m(t) = 2*t**2 - 79*t + 278. What is m(6)?
-124
Let k(o) = -745213*o + 8942545. Determine k(12).
-11
Let p(j) = -107693*j - 1507706. Determine p(-14).
-4
Let d(p) = 854*p - 163650. Calculate d(192).
318
Let u(v) = 7*v**3 + 53*v**2 + 55*v + 667. What is u(-9)?
-638
Let k(x) = -5123*x + 368495. Give k(72).
-361
Let a(p) = -4889*p + 4878. Determine a(1).
-11
Let i(x) = -18252*x + 584065. Calculate i(32).
1
Let o(g) = 10*g**3 + 12*g**2 + 27*g - 12. Determine o(-4).
-568
Let f(v) = -70*v**2 + 1743*v. Determine f(25).
-175
Let n(t) = -4*t**2 - 488*t + 900. Give n(-124).
-92
Let t(j) = 32*j**3 + 50*j**2 + 4*j - 9. Calculate t(-6).
-5145
Let i(n) = 692*n + 226405. Give i(-327).
121
Let s(p) = 31*p**2 + 321*p + 957. Determine s(-3).
273
Let x(n) = 2*n**3 - 412*n**2 - 618*n + 1029. What is x(1)?
1
Let r(i) = 15*i + 529. What is r(21)?
844
Let n(k) = -25433*k + 25432. Calculate n(1).
-1
Let l(u) = 7*u**2 + 52*u + 1560. Determine l(-20).
3320
Let z(g) = -3*g**2 - 216*g - 3145. What is z(-21)?
68
Let h(w) = 11*w**2 - 162*w - 782. Give h(-4).
42
Let b(r) = -3045*r + 1976181. Give b(649).
-24
Let v(x) = -75*x**2 - 5485*x - 731. What is v(-73)?
-1
Let p(q) = -257222*q - 257228. Calculate p(-1).
-6
Let i(z) = -215249*z - 430418. Give i(-2).
80
Let m(l) = -l**3 - l**2 + 4547*l + 610. Determine m(67).
7
Let x(o) = -2627*o + 12238. What is x(4)?
1730
Let b(m) = -21*m**3 + 50*m**2 - 21*m + 7. Give b(4).
-621
Let x(d) = 4*d**2 + 22628*d - 6789